 7, 31
Let t(x) = -x**2 - 2*x**2 + 3 - 4*x**3 - 4*x**2 - 4*x - 2. What are the prime factors of t(-4)?
7, 23
Suppose 3*i + 2*y - 621 = 6*y, 5*i + 4*y = 1035. What are the prime factors of i?
3, 23
Suppose -21*z = -8562 - 594. What are the prime factors of z?
2, 109
Suppose 3*a - d = 183, -5*d = 6 + 9. Let h be a - 11 - (-6)/(-2). What are the prime factors of (-6 - -5)/((-2)/h)?
23
Suppose -260*z + 3948 = -259*z. List the prime factors of z.
2, 3, 7, 47
Suppose -k + 10 = k. Suppose -3*b + 259 = -0*b - k*h, b - 2*h - 87 = 0. List the prime factors of b.
83
Let r(l) = 10*l**2 + 3*l - 3. Suppose 4*u + 2 = -10. List the prime factors of r(u).
2, 3, 13
Suppose 145 = 5*v + 3*b + 2*b, -b + 4 = 0. List the prime factors of 270/v*40/6.
2, 3
Suppose 4*p = 7*p. Suppose 5*v + c - 115 = p, 0 = -5*v + c - 3*c + 120. What are the prime factors of v?
2, 11
What are the prime factors of 5454/4 - (-10 + 221/26)?
3, 5, 7, 13
What are the prime factors of -8*(-681)/(-9)*(-105)/28?
2, 5, 227
Suppose 4*i + 12 = 0, 2*c = -2*i + 13 - 3. Suppose c*l - 18 = -h + 3*l, -5*h - 3*l = -68. What are the prime factors of h?
13
Suppose -5*f = 5*x - 1493 - 6807, 8250 = 5*f - 5*x. What are the prime factors of f?
5, 331
Suppose u = -3*s + 5, 2*s - 5*s = 3*u + 3. List the prime factors of ((100/12)/1)/(s/45).
5
Suppose 3*a + 3 = 3*s + s, -3*s + 12 = a. What are the prime factors of (-2 + a/9)*-3?
5
Let k(j) = 10*j + 20. Let m be k(-6). Let v = m + 85. List the prime factors of v.
3, 5
Let x = 2049 - 978. What are the prime factors of x?
3, 7, 17
Suppose 2*q = 0, -3*q = -4*l + 2*q + 80. Suppose -89 = -4*f - 3*i + 8, 5*f = -4*i + 120. Let z = f - l. List the prime factors of z.
2
Let w(d) be the third derivative of -d**4/12 + d**3/3 - 5*d**2. Let y be w(-8). What are the prime factors of (3*-1)/(y/(-240))?
2, 5
Suppose 14322 = 23*v + 8*v. What are the prime factors of v?
2, 3, 7, 11
Let h be 2/(-3) + ((-4680)/(-27))/8. Suppose 4*b - 282 = -106. Let l = b - h. List the prime factors of l.
23
Suppose h + 87 = -2*h. Let r(k) = -k**2 + 8*k - 4. Let s be r(8). What are the prime factors of (-1)/(s/4) - h?
2, 3, 5
Suppose -12*p + 7412 + 1600 = 0. What are the prime factors of p?
751
What are the prime factors of -4*1169/(-21)*3?
2, 167
Let m(j) = j**2 - 9*j - 9. Let s be m(-6). Suppose -50 = -y - 5*f, -4*y + 62 + s = f. What are the prime factors of (y/28)/((-2)/(-56))?
5, 7
Suppose 2394 = -5*v + 12*v. List the prime factors of v.
2, 3, 19
Let h = 342 + 2895. What are the prime factors of h?
3, 13, 83
Suppose 0 = 3*g + 2314 - 79. Let v = -528 - g. What are the prime factors of v?
7, 31
Let u(l) = -31*l - 91. List the prime factors of u(-22).
3, 197
Let t = 15 - 20. Let m(v) = v - 9. Let z be m(t). Let a = z + 62. List the prime factors of a.
2, 3
Let v be 6/2 - 258/3. Let m = v - -124. List the prime factors of m.
41
Let t(q) = 25 - 13 + q - 3*q**2 + 13 + 4*q**2. What are the prime factors of t(-12)?
157
Let u(y) = -5*y - 6. Let a be u(-4). Suppose -10 = -16*l + a*l. Suppose -h - 203 = -l*h + f, 3 = 3*f. What are the prime factors of h?
3, 17
Let o be (-502)/(-14) + (-8)/(-56). Suppose 2*t = b + 90 - o, -2*t - b = -46. What are the prime factors of t?
5
Suppose 3*c = -4*l - 3, -2*l - 2*c = -0*c. List the prime factors of (-4 - -1) + (-102)/l + -2.
29
Suppose -5*r + 0*r = -5, 2*f + 15886 = -2*r. List the prime factors of f/(-64) - 2/16.
2, 31
Let p(c) = -34*c**2 - 3*c - 1. Let b be p(-2). Let h = -76 - b. Let w = h + -32. What are the prime factors of w?
23
Suppose 61*f = 56*f + 7785. List the prime factors of f.
3, 173
Let m(z) be the first derivative of -2 - 11*z - 1/4*z**4 - z**2 - 8/3*z**3. What are the prime factors of m(-8)?
5
Let h(k) = 89*k**3 - 7*k**2 + 3*k - 3. Let d(u) = 44*u**3 - 3*u**2 + u - 1. Let x(w) = -5*d(w) + 2*h(w). List the prime factors of x(-1).
41
Let y(n) = n**3 + 24*n**2 - 10*n + 162. List the prime factors of y(-24).
2, 3, 67
Suppose m - 63 = -6*m. List the prime factors of ((-4632)/(-32))/(m/12).
193
Suppose 8 = t + 3*t. Suppose 5*q - 5*v = t*q + 14, -18 = -q - v. What are the prime factors of q?
13
Let n = 2419 + -1264. List the prime factors of n.
3, 5, 7, 11
What are the prime factors of (-6)/(48/(-3320)) - -2?
3, 139
Suppose -3*w + 7 = -4*x + 3, -x = -2. Suppose m - 3 + 0 = -l, 4*m + 12 = w*l. Suppose -2*f - 3*g - 5 = m, 3*f = -0*f - 5*g - 10. List the prime factors of f.
5
Let f be ((-4)/3)/(12/(-18)). Suppose -4*v + 4*y = -84, 3*y - 4*y = f*v - 57. What are the prime factors of v?
2, 13
Let y = -12 - -41. Suppose 3*o - 80 = 109. Let b = o - y. List the prime factors of b.
2, 17
What are the prime factors of 6/((-2)/(-8)*8) + 1811?
2, 907
Let d = 216 - 121. Let v = d - 4. Suppose -5*t + 24 + v = 0. List the prime factors of t.
23
Suppose 5623 - 1021 = 13*z. What are the prime factors of z?
2, 3, 59
Let u = 93 + -65. What are the prime factors of 7*(-1 + 964/u)?
2, 3, 13
Suppose h = -5, 3*r + 2 - 3 = -h. Let o(u) = 6*u**2 + 3*u**3 - 5*u**r - 2*u**3 + 7*u**2 + 6*u. List the prime factors of o(-7).
7
Suppose 0*i + i = 5*c - 2, 0 = -c - i - 2. Suppose c = -s + 11 + 9. Suppose -3*k + o + s = -36, k - 4*o = 26. List the prime factors of k.
2, 3
Suppose -3*x - 8 = x, x + 310 = -4*q. Let y = q + 141. Suppose 5*o - 191 = -r + 4*r, -2*o + y = 5*r. What are the prime factors of o?
37
Let k(c) = 18*c + 24. Let y be k(6). Let o = y + -62. List the prime factors of o.
2, 5, 7
Let s(h) = 4*h**2. Suppose 4*j = 8, -x - 6 = -3*x - j. Suppose -4*y + 3*z = -1, -x*y - 4*z + 37 = 9. List the prime factors of s(y).
2
List the prime factors of ((-6)/(-15 - -9))/((-1)/(-243)).
3
Let g(p) = -4*p + 35. Let t(x) = -x - 1. Let s(h) = -g(h) - t(h). What are the prime factors of s(14)?
2, 3
Let d = -17 - -19. What are the prime factors of ((-380)/30)/(d/(-3))?
19
Let q(v) = v**3 + 9*v**2 - 7*v + 33. Let p be q(-10). Let x(m) = m**3 - 3*m**2 + 3*m - 5. What are the prime factors of x(p)?
2
Let r(o) = -o**2 + 8*o + 11. Let i = 14 - 6. Let l be r(i). Let z(y) = 2*y - 4. What are the prime factors of z(l)?
2, 3
Let a(i) = -4*i**2 - i. Let n be a(1). What are the prime factors of (-3)/n - (-402)/30?
2, 7
Let b(t) = t - 1. Let o(l) = 8*l. Let i(p) = 12*b(p) - o(p). List the prime factors of i(12).
2, 3
Let a be 3 - (58 - (0/(-3) + -2)). Let x = a - -115. What are the prime factors of x?
2, 29
Let g be (1 - -21) + (-2)/1. Suppose -2*l + g = -7*l. What are the prime factors of l/((2*-4)/4)?
2
Let f be 2/(-8) + (-11)/4. Let o be 25*2/f*3. Let i = -20 - o. List the prime factors of i.
2, 3, 5
List the prime factors of (-9)/2*(-560 + -10).
3, 5, 19
Let q = -2105 + 2695. What are the prime factors of q?
2, 5, 59
Suppose 4*h + 19 - 59 = 0. Suppose q = 4*q + 4*i + h, -5*i - 28 = -4*q. Suppose -q*z + 0*z = 5*p, z = -3*p - 1. List the prime factors of z.
5
Suppose 1537 + 583 = 5*r. Suppose -5*w + 486 = -5*v + 56, 5*w - 2*v = r. Suppose 0 = 5*t - 4*h - 142, -3*t + w = -h - h. What are the prime factors of t?
2, 13
Let b(g) = g**3 - 3*g + 2. Suppose 1 + 3 = 2*v. Let k be b(v). Let z(y) = 14*y - 1. List the prime factors of z(k).
5, 11
Suppose 146 = -5*o + 2*p - 2, p - 4 = 0. Suppose i = 5, 2*i - 36 = 3*g + 5*i. Let z = g - o. What are the prime factors of z?
11
Let s(m) = -m**2 - 35*m - 28. List the prime factors of s(-24).
2, 59
Let y = 18 - 5. List the prime factors of y.
13
Let p be (-2)/10 + 506/55. Let k be 30/p*(-132)/(-8). List the prime factors of -7*(-1)/(5/k).
7, 11
Let d(i) be the third derivative of -6*i**2 + 1/6*i**3 - 1/24*i**4 + 0 + 0*i - 1/60*i**5 + 31/120*i**6. What are the prime factors of d(1)?
2, 3, 5
Let a(y) be the first derivative of 10*y**3/3 - 2*y**2 - 3*y + 3. Let j be a(-2). Let m = 66 - j. List the prime factors of m.
3, 7
Suppose -849 = -4*n - 3*d, 4*n + 45 = 5*d + 870. List the prime factors of n.
2, 3, 5, 7
Let n = 15 - 8. Let o = n + -4. Suppose o*z + 5*m = 85, -122 = -4*z + m + m. What are the prime factors of z?
2, 3, 5
Let h(c) = 96*c**2 + 2*c - 7. List the prime factors of h(-3).
23, 37
List the prime factors of 9/(-6)*2 + (-1602)/(-9).
5, 7
Let t(z) = 2*z + 1. Let b be t(2). Suppose b*g - 32 = -4*p + 20, -48 = -5*p - 2*g. What are the prime factors of p?
2
Suppose -4*t + 6 = -t. Let p = 31 - 22. Suppose p = -t*n + 49. List the prime factors of n.
2, 5
Let n be -1